by 14.
11
Let j = -55 + 129. What is the remainder when j is divided by 19?
17
Let v(t) = -t**3 - 6*t**2 - 5*t + 12. Calculate the remainder when 20 is divided by v(-5).
8
Suppose 5*n - 15 = 0, 0*r = -3*r - n + 9. Suppose -12 + r = -w. Suppose -4*z - 2*x + 21 = -91, 2*z - 64 = 3*x. Calculate the remainder when z is divided by w.
9
Let d = -51 + 56. What is the remainder when 17 is divided by d?
2
Let t(i) = 14*i - 3. Let p be t(3). Suppose -3*z + 114 - p = 0. Let f(x) = 2*x**2 - 4*x + 3. Calculate the remainder when z is divided by f(3).
7
Suppose -4*f = f - 3*i - 6, 0 = -3*f - 5*i + 24. Let s(n) = -n + 4. What is the remainder when 1 is divided by s(f)?
0
Let y = 1 + 7. Let i = -20 - -57. What is the remainder when i is divided by y?
5
Let j(a) = 27*a**2 - 2*a - 1. Let u be j(-1). Calculate the remainder when (19/4)/(2/8) is divided by (-1 - 0)/((-4)/u).
5
Let v(h) = h**3 - 4*h**2 + 2*h - 5. Let c be v(4). Let x be (-1)/c - (-7)/3. Let d = 2 + x. What is the remainder when d is divided by 3?
1
Let d be (12/3)/(0 - -1). Suppose d*w - 88 = -0*w. Calculate the remainder when w is divided by (16/(-6))/(2/(-6)).
6
Let t = 52 + -13. Calculate the remainder when t is divided by 10.
9
Suppose -2*t + 60 = 2*t. Suppose 0 = -5*i + 19 + 6. Calculate the remainder when ((-10)/t)/(4/(-78)) is divided by i.
3
Suppose -570 = -2*z + 7*z. Let n = 162 + z. Calculate the remainder when n is divided by 17.
14
Let g(b) = 17*b**3 + 1. Suppose -4*j + 212 = -0*j. What is the remainder when j is divided by g(1)?
17
Let c(h) = -h - 6. Let i be c(-9). Suppose -b - 3 = 0, -b - b = i*t. What is the remainder when t is divided by 1?
0
Let l = 47 + -41. Calculate the remainder when 11 is divided by l.
5
Calculate the remainder when 99 is divided by ((-15)/10)/(3/(-34)).
14
Suppose -6*x + 127 = 37. What is the remainder when x is divided by 6?
3
Let p = 4 - -1. Suppose d + 149 = 2*m, p*m + 5*d - 218 = 192. Calculate the remainder when m is divided by 26.
25
Let a(l) = -l**3 - 19*l**2 + 19*l - 1. What is the remainder when a(-20) is divided by 4?
3
Let q = -23 - -41. What is the remainder when 69 is divided by q?
15
Let w = 4 + 5. Suppose 5*p = -2*g - 64, 5*g = 2*g + w. What is the remainder when (8 + -2)*p/(-4) is divided by 11?
10
Let v be (-2 - -2)/((-2)/(-1)). Let p(d) = -2*d + 3. Calculate the remainder when 10 is divided by p(v).
1
Suppose -7*h + 2*h + 105 = 0. Calculate the remainder when 83 is divided by h.
20
What is the remainder when (5 - 4) + 1 + 44 is divided by 25?
21
Let o = -43 - -72. Calculate the remainder when o + -1*(-2 + 2) is divided by 3/12 - (-413)/28.
14
Suppose 5*m + v = 54, m - 15 = -3*v + 7*v. What is the remainder when 20 is divided by m?
9
Suppose -f + 13 = -3*f + 5*y, 5*f + 23 = 3*y. What is the remainder when 26 is divided by ((-7)/2 - 0)*f?
12
Let t(l) = 3*l - 8. Suppose 0 = 4*d - 12, -15 = -5*n + 3*n - d. Calculate the remainder when t(n) is divided by 4.
2
What is the remainder when (-1028)/(-24) - 4/(-24) is divided by 13?
4
Let v = -36 + 83. Let n = v - 34. What is the remainder when n is divided by 7?
6
Let c = 100 + -88. What is the remainder when 143 is divided by c?
11
What is the remainder when 48 is divided by (52/20 + 1 + -4)*-35?
6
Let c = 46 - 40. Calculate the remainder when 47 is divided by c.
5
Suppose -35*k - 135 = -40*k. What is the remainder when k is divided by 10?
7
Suppose -260 - 28 = -8*t. What is the remainder when t is divided by 19?
17
Let k be (-15)/(-25) + (-104)/(-10). Let g = k - 7. Suppose -2*l + 3*s + 27 = 0, -2*l - 3*s + 7 = -2*s. What is the remainder when l is divided by g?
2
Suppose -130 = -2*b - b + 2*x, 172 = 4*b - 4*x. What is the remainder when b is divided by 15?
14
Let g(n) = 4*n - 1. What is the remainder when g(9) is divided by 9?
8
Let d = 32 + -17. What is the remainder when 29 is divided by d?
14
Let x be (-16 - (4 + -6))/1. Calculate the remainder when x/49 + 373/7 is divided by (-2)/4 + 37/2.
17
Let z be 1 - -1 - (-2 - -2). Suppose -3*s = -d - 20, 2*s - z*d + 0*d = 12. Calculate the remainder when 25 is divided by s.
4
Let x be (-9*1)/((-8)/24). Suppose -2*z + z = -4*o - 62, -z = 3*o - x. What is the remainder when z is divided by 22?
20
Suppose -2*v + 6*v + 68 = 0. Calculate the remainder when (-6)/4 - v/2 is divided by 2.
1
Let m = -14 - -5. Let c = 27 + m. Calculate the remainder when c is divided by ((-2)/3)/(3/(-45)).
8
Let g(p) = p**3 + p**2 + p + 3. Suppose -c = 3*c + 8. What is the remainder when g(0) is divided by 2 + 1 + c + 1?
1
Suppose 2*j + 5*r = 39, 5*r - 9 = -3*j + 42. What is the remainder when j is divided by 7?
5
Suppose 5*g - 170 = -5*z, -4*g - 95 = -4*z + 1. Calculate the remainder when z is divided by 17.
12
Let i(h) = -5*h. Let q be i(4). What is the remainder when (-63)/(-5) + (-8)/q is divided by 7?
6
Let z(i) = -i**3 + 7*i**2 + i + 2. What is the remainder when z(7) is divided by 6?
3
Let l = 679 - 401. What is the remainder when 6/9 + l/6 is divided by 12?
11
Let g = 22 + -13. Suppose 4*l - 56 = -4*j, 2*l - j = -0*j + 25. Suppose 5*w + 3*h + l - 113 = 0, h + 46 = 3*w. Calculate the remainder when w is divided by g.
8
Let t(f) = 4*f - 11. What is the remainder when t(7) is divided by 6?
5
Let u = 36 + -79. Let k = u + 62. Suppose 0 = b - k + 5. What is the remainder when b is divided by 8?
6
Let h(v) = 51*v**2 - v + 1. Suppose 2*g - 4*m = 18, 2*m = 3*g + m - 7. Calculate the remainder when h(g) is divided by 27.
24
Let x = -3 - -3. Let y be (-1 - 1 - x) + -17. Calculate the remainder when 2 - 4 - -1 - y is divided by 10.
8
Let a(x) = 9*x - 2. Let d be 66/18 + 2/(-3). What is the remainder when a(d) is divided by 9?
7
Let f = 25 - -2. What is the remainder when 51 is divided by f?
24
Let d = -51 - -77. Calculate the remainder when 153 is divided by d.
23
Suppose 0 = -5*z + 18 + 7. What is the remainder when 15 is divided by z?
0
Calculate the remainder when (5 - (-242)/6)/((-1)/(-3)) is divided by 35.
31
Suppose 2*t = p + 60, -2*t - 5*p + 14 = -22. Let y be (-51 - 0) + 8 + -7. What is the remainder when t is divided by (8/(-20))/(2/y)?
8
Calculate the remainder when 76 is divided by (11 - -2) + (4 - 4).
11
Let q be -10*(-1 + (2 - 2)). Suppose -2*s - q = 0, 5*d - 3*s - s = 35. Calculate the remainder when 12 is divided by (14/3)/(2/d).
5
Let m(n) = -n + 9. Let d be m(-5). Calculate the remainder when (d/21)/((-4)/(-114)) is divided by 11.
8
Let a be 15/(-5) + (-23)/(-1). Let r = a + -14. Calculate the remainder when r is divided by 4.
2
Suppose 3*p + 18 = 75. Calculate the remainder when p is divided by 5.
4
Let w(v) = 9*v. Suppose -d + 6 = 2. Let a = -3 + d. What is the remainder when w(a) is divided by 5?
4
Let o(u) = u**2 + u + 5. Let c be o(0). Suppose 0 = -5*x - 25, -5*x + 3 = c*r - 67. Suppose 192 + 27 = 3*t. What is the remainder when t is divided by r?
16
Let h(x) be the second derivative of -x**5/20 - 5*x**4/12 - 2*x**3/3 + x**2 - 3*x. What is the remainder when 5 is divided by h(-4)?
1
Let k(c) = -c**2 + 7*c + 4. Let u be k(7). What is the remainder when 45 is divided by 0 + 14 + u/2?
13
Let n = 35 + -18. Let d(a) = 2*a - a**3 + 0*a**3 + 9*a**2 - 6 - 3. What is the remainder when n is divided by d(9)?
8
Let f(x) = -x**3 + 2*x**2 + x + 58. Calculate the remainder when f(0) is divided by 26.
6
Let m(n) = -n + 6. Let i be m(4). Suppose i*p - k = 29, -k + 6 = 5*p - 77. Calculate the remainder when 44 is divided by p.
12
Suppose 18 + 32 = 5*p. Suppose f - p = -f. Calculate the remainder when 18 is divided by f.
3
Suppose 5*i + 0*v + v - 296 = 0, 8 = -2*v. Calculate the remainder when i is divided by 16.
12
Let a(w) = -3*w**3 + 2*w - 1. Let y be a(1). Let b = 0 - y. Let l = 9 + b. What is the remainder when 32 is divided by l?
10
Let d(w) = -3*w - 10. Let u be d(-7). Let y(g) = g - 10. Let h be y(u). Let i(z) = 13*z**2 + z. What is the remainder when 27 is divided by i(h)?
13
Let w(t) = -38*t + 3. What is the remainder when w(-1) is divided by 21?
20
Let w(n) = -n**2 - 5*n + 7. Let k be w(-6). Calculate the remainder when (k + 1)/(12/30) is divided by 2.
1
Let y = 107 - 37. Calculate the remainder when y is divided by 18.
16
Suppose b - 8 = -3*b. Suppose -p - 4*j + 7 = 0, 20 = 5*p - b*j - 81. Suppose -22 = -5*m + 13. What is the remainder when p is divided by m?
5